git of 24222?
2
What is the tens digit of 9355?
5
What is the tens digit of 329?
2
What is the thousands digit of 5968?
5
What is the tens digit of 6122?
2
What is the tens digit of 33806?
0
What is the tens digit of 34207?
0
What is the hundreds digit of 2111?
1
What is the tens digit of 13694?
9
What is the hundreds digit of 866?
8
What is the units digit of 1031?
1
What is the hundreds digit of 30899?
8
What is the tens digit of 650?
5
What is the thousands digit of 18872?
8
What is the tens digit of 5871?
7
What is the thousands digit of 10438?
0
What is the thousands digit of 17771?
7
What is the hundreds digit of 2441?
4
What is the hundreds digit of 965?
9
What is the ten thousands digit of 117302?
1
What is the tens digit of 1982?
8
What is the thousands digit of 25251?
5
What is the units digit of 69670?
0
What is the hundreds digit of 633?
6
What is the tens digit of 6170?
7
What is the hundreds digit of 11170?
1
What is the tens digit of 42669?
6
What is the tens digit of 2086?
8
What is the units digit of 775?
5
What is the units digit of 4161?
1
What is the thousands digit of 1476?
1
What is the tens digit of 453?
5
What is the tens digit of 1567?
6
What is the thousands digit of 14139?
4
What is the hundreds digit of 56437?
4
What is the thousands digit of 4159?
4
What is the tens digit of 23350?
5
What is the thousands digit of 7121?
7
What is the units digit of 72521?
1
What is the tens digit of 147549?
4
What is the thousands digit of 1836?
1
What is the units digit of 9536?
6
What is the thousands digit of 29198?
9
What is the hundreds digit of 14346?
3
What is the units digit of 81?
1
What is the units digit of 30512?
2
What is the hundreds digit of 12921?
9
What is the thousands digit of 7625?
7
What is the hundreds digit of 2687?
6
What is the units digit of 1327?
7
What is the tens digit of 1660?
6
What is the tens digit of 1016?
1
What is the units digit of 782?
2
What is the tens digit of 2414?
1
What is the thousands digit of 1707?
1
What is the units digit of 1248?
8
What is the hundreds digit of 228?
2
What is the tens digit of 10491?
9
What is the ten thousands digit of 21210?
2
What is the units digit of 19158?
8
What is the tens digit of 5696?
9
What is the thousands digit of 1904?
1
What is the hundreds digit of 687?
6
What is the hundreds digit of 73338?
3
What is the units digit of 21000?
0
What is the thousands digit of 1057?
1
What is the tens digit of 3720?
2
What is the hundreds digit of 5702?
7
What is the thousands digit of 1316?
1
What is the thousands digit of 41310?
1
What is the hundreds digit of 6374?
3
What is the thousands digit of 1998?
1
What is the units digit of 24370?
0
What is the tens digit of 40340?
4
What is the hundreds digit of 1958?
9
What is the thousands digit of 2658?
2
What is the units digit of 472?
2
What is the units digit of 20434?
4
What is the ten thousands digit of 34533?
3
What is the hundreds digit of 31676?
6
What is the units digit of 808?
8
What is the units digit of 546?
6
What is the thousands digit of 4035?
4
What is the ten thousands digit of 10073?
1
What is the hundreds digit of 29828?
8
What is the thousands digit of 1088?
1
What is the units digit of 51450?
0
What is the hundreds digit of 49339?
3
What is the units digit of 49165?
5
What is the tens digit of 2933?
3
What is the hundreds digit of 3321?
3
What is the tens digit of 22873?
7
What is the thousands digit of 3187?
3
What is the tens digit of 71949?
4
What is the thousands digit of 92526?
2
What is the thousands digit of 71087?
1
What is the hundreds digit of 1018?
0
What is the tens digit of 4635?
3
What is the ten thousands digit of 43778?
4
What is the units digit of 86?
6
What is the thousands digit of 91485?
1
What is the ten thousands digit of 10250?
1
What is the thousands digit of 8878?
8
What is the units digit of 7919?
9
What is the hundreds digit of 2576?
5
What is the tens digit of 8869?
6
What is the units digit of 17352?
2
What is the ten thousands digit of 84058?
8
What is the hundreds digit of 877?
8
What is the hundreds digit of 35785?
7
What is the units digit of 4037?
7
What is the units digit of 36287?
7
What is the thousands digit of 6565?
6
What is the thousands digit of 4349?
4
What is the thousands digit of 7025?
7
What is the thousands digit of 100128?
0
What is the tens digit of 95?
9
What is the hundreds digit of 9825?
8
What is the units digit of 4223?
3
What is the units digit of 1951?
1
What is the units digit of 1042?
2
What is the thousands digit of 5622?
5
What is the hundreds digit of 938?
9
What is the units digit of 1212?
2
What is the hundreds digit of 838?
8
What is the tens digit of 79575?
7
What is the hundreds digit of 23161?
1
What is the units digit of 69502?
2
What is the tens digit of 40?
4
What is the units digit of 1654?
4
What is the tens digit of 30050?
5
What is the units digit of 1168?
8
What is the units digit of 72815?
5
What is the units digit of 37449?
9
What is the tens digit of 1443?
4
What is the tens digit of 739?
3
What is the thousands digit of 2850?
2
What is the thousands digit of 4474?
4
What is the units digit of 6676?
6
What is the tens digit of 1898?
9
What is the tens digit of 410?
1
What is the hundreds digit of 914?
9
What is the units digit of 212?
2
What is the units digit of 8506?
6
What is the tens digit of 4150?
5
What is the tens digit of 36596?
9
What is the tens digit of 7147?
4
What is the tens digit of 548?
4
What is the thousands digit of 3606?
3
What is the thousands digit of 27718?
7
What is the tens digit of 2399?
9
What is the units digit of 903?
3
What is the units digit of 2210?
0
What is the thousands digit of 1661?
1
What is the hundreds digit of 11270?
2
What is the tens digit of 1547?
4
What is the hundreds digit of 930?
9
What is the units digit of 43203?
3
What is the tens digit of 989?
8
What is the ten thousands digit of 118764?
1
What is the units digit of 1633?
3
What is the hundreds digit of 13507?
5
What is the tens digit of 3304?
0
What is the ten thousands digit of 24989?
2
What is the thousands digit of 8034?
8
What is the thousands digit of 12001?
2
What is the tens digit of 481?
8
What is the ten thousands digit of 11616?
1
What is the hundreds digit of 5011?
0
What is the hundreds digit of 2055?
0
What is the hundreds digit of 209?
2
What is the units digit of 654?
4
What is the tens digit of 921?
2
What is the units digit of 84792?
2
What is the ten thousands digit of 23408?
2
What is the thousands digit of 3055?
3
What is the tens digit of 4941?
4
What is the units digit of 9103?
3
What is the thousands digit of 8537?
8
What is the hundreds digit of 85983?
9
What is the units digit of 505?
5
What is the ten thousands digit of 11403?
1
What is the units digit of 474?
4
What is the hundreds digit of 12934?
9
What is the thousands digit of 2643?
2
What is the tens digit of 3206?
0
What is the hundreds digit of 172?
1
What is the units digit of 76919?
9
What is the hundreds digit of 954?
9
What is the thousands digit of 74826?
4
What is the units digit of 990?
0
What is the hundreds digit of 110592?
5
What is the units digit of 24761?
1
What is the tens digit of 5440?
4
What is the units digit of 144932?
2
What is the tens digit of 2314?
1
What is the hundreds digit of 230?
2
What is the thousands digit of 13455?
3
What is the tens digit of 1288?
8
What is the tens digit of 1395?
9
What is the hundreds digit of 63633?
6
What is the units digit of 56664?
4
What is the units digit of 9112?
2
What is the units digit of 110147?
7
What is the hundreds digit of 958?
9
What is the thousands digit of 15035?
5
What is the tens digit of 32988?
8
What is the tens digit of 5776?
7
What is the tens digit of 1858?
5
What is the tens digit of 1235?
3
What is the ten thousands digit of 16323?
1
What is the tens digit of 21106?
0
What is the thousands digit of 5290?
5
What is the ten thousands digit of 34735?
3
What is the hundreds digit of 2039?
0
What is the units digit of 2255?
5
What is the tens digit of 40?
4
What is the tens digit of 2233?
3
What is the units digit of 111260?
0
What is the hundreds digit of 9451?
4
What is the hundreds digit of 1277?
2
What is the hundreds digit of 55397?
3
What is the thousa